ate i(f).
8
Let k(t) be the second derivative of 0 - 7/2*t**2 - 5*t - 1/6*t**3. Let r = -32 + 28. Give k(r).
-3
Let h(i) = -i + 17. Suppose -4*d - 4*p + 56 = 0, d + 5*p - 23 = -1. Determine h(d).
5
Let k(t) = 5*t + 38. Let n(s) = 2*s - 7. Let h be n(0). Let p be k(h). Let w(y) = 2*y - 4. Determine w(p).
2
Let z(g) = -g**2 + 6*g + 18. Let q be z(8). Let x(i) = -4*i**2 + 6*i - 2 + 3 + 4*i**q + i**2. Give x(-6).
1
Let p(r) = r**3 - 4*r**2 + 3*r - 2. Let i(h) = h**3 + h**2 + 2*h - 20. Let t be i(0). Let a = 24 + t. Calculate p(a).
10
Let z(h) = h - 4. Let x be z(3). Suppose -2*d = 0, -5*j + 4*d - d = -5. Let w(g) = j + 26*g + 35*g - 57*g. Give w(x).
-3
Let a(t) = 7*t**2 + 3*t + 7. Let r(z) = 4*z**2 + z + 4. Let j(f) = -3*a(f) + 5*r(f). Let k be 2/(-2) - 0 - 4. Give j(k).
-6
Let k(l) = -l. Suppose g - 12 = -g - 2*q, 5*q = -3*g + 24. Suppose -5*u - 4*s - 4 = -2, -u + g*s = 8. Give k(u).
2
Let f(z) = -z**3 + 10*z**2 - 11*z + 6. Suppose 0 = 13*p - 18*p + 45. Determine f(p).
-12
Let q = -100 + 112. Let x(j) = -j + 7. Calculate x(q).
-5
Let t(n) = 5*n + 7. Suppose -4*v = -v - 15. Let o(k) = -8*k - 26. Let f(a) = 44*a + 144. Let p(i) = -5*f(i) - 28*o(i). Let s(h) = v*t(h) - 6*p(h). Give s(0).
-13
Let l(s) = -s**2 - 6*s - 6. Suppose 0 = z - v - 62, 3*z + 2*v = -3*v + 178. Let p = 42 - z. Let a = 13 + p. What is l(a)?
-6
Let q(w) = w**3 + w**2 - 3*w. Suppose 2*b - 4*o - 16 + 2 = 0, 0 = 3*b - 5*o - 16. Determine q(b).
-9
Let k(n) = n**3 - 15*n**2 - 17*n + 15. Let w be k(16). Let r(u) = 4*u**3 - u**2 - 3*u - 1. Calculate r(w).
-3
Let v = -1 + -3. Let j(n) = 6*n**2 - 6*n - 3. Let m(s) = -13*s**2 + 11*s + 5. Let r(p) = v*m(p) - 7*j(p). Let x(g) = -g - 1. Let k be x(-2). Determine r(k).
9
Let h = -102 + 103. Let b(o) = -1 - 1 + 3*o - h + 1 - o**2. Suppose 5*d = 3*d + 8. What is b(d)?
-6
Let a(j) = -53*j + 1 + 2 + 54*j. Suppose -158 + 176 = -3*l. What is a(l)?
-3
Let s(g) = g**2 - 12*g - 17. Let q be 420/(-252) + 94/6. What is s(q)?
11
Suppose -19 = 4*a - 7. Let i(t) = 2*t**2 + 5*t + 5. Let h be i(a). Let p(j) = j**2 - 9*j + 8. What is p(h)?
0
Let c(k) = 3*k**2 + 4*k - 2. Let w be c(-4). Suppose -2*r = 3*r - w. Let x be (9/r)/(2/(-4)). Let f(g) = g**3 + g**2 - 3*g - 3. What is f(x)?
-12
Let q(a) = 3*a**2 - 18*a - 22. Let c(d) = -d**2 + 6*d + 7. Let s(o) = 13*c(o) + 4*q(o). What is s(8)?
-13
Let z(p) = -p**3 - p**2 + 2*p - 1. Let u be z(-2). Let a be (8 + -9)/(u/5). Suppose 4*i - a = -17. Let x(g) = -3*g. Give x(i).
9
Let a(k) = -k**3 - 7*k**2 + k - 4. Let t(r) = -2*r**2 - 16*r - 37. Let q be t(-5). Determine a(q).
-11
Let b be 4/(-5) + (-10)/50. Let u(o) be the second derivative of -o**4/12 - o**3/3 - o**2/2 - 4*o. Determine u(b).
0
Let r(p) be the first derivative of 5/2*p**2 + 20 - p - 1/3*p**3. Calculate r(4).
3
Let x be ((-13)/(-5))/((-41)/205). Suppose -3 = 4*u + 25. Let l = u - x. Let n(w) = -w + 14. What is n(l)?
8
Let x(o) be the second derivative of -o**4/12 + o**3/6 + o**2/2 + 43*o. Let g be (1 - 1)/1 + 1. Let t = g + -3. Give x(t).
-5
Let q(j) = -6*j - 11. Let s(o) = -2*o - 4. Let a(k) = -3*q(k) + 8*s(k). Let n = -45 - -42. Calculate a(n).
-5
Let c be (-16 - -19)*(1 - 0). Let p = -2 + c. Let o(r) = 4*r. Give o(p).
4
Let v(w) = -3 - 3 + 3 + 2*w - w**2 - 1. Let t be (35/(-14) - 0)*(-12)/10. What is v(t)?
-7
Let w(k) = -k - 2. Let r(z) = -2*z**3 - z**2 + 2*z. Suppose 8*o - 1 - 7 = 0. Let b be r(o). Give w(b).
-1
Let n be 8/(-5)*175/10. Let i = n + 34. Let g(w) = 27*w - 23. Let r(o) = -9*o + 8. Let f(s) = i*g(s) + 17*r(s). Determine f(-2).
-20
Let h(w) be the first derivative of 7*w**4/4 + w**3/3 - w**2 + w + 21. What is h(1)?
7
Suppose 0 = w - 6 + 4. Let o(x) = 2*x**2 - 3*x + 1. Let k(r) = -6*r**2 + 2*r - 3 + 7*r + 0. Let m(a) = -3*k(a) - 8*o(a). Calculate m(w).
3
Suppose 0 = 2*j - 6, -4*d + 144*j - 9 = 149*j. Let a(f) = f**3 + 4*f**2 - 8*f + 8. Determine a(d).
-16
Let i(l) = -l**3 + 23*l**2 + l - 23. Suppose 0 = -4*q - 16, -x - 48*q + 46*q + 15 = 0. Calculate i(x).
0
Let j(f) = -f**2 - 7*f - 5. Let n(t) = -t**2 + 24*t - 10. Let y be n(24). Let g(o) = o**3 + 12*o**2 + 19*o - 17. Let a be g(y). What is j(a)?
-5
Suppose 2*j + 79 - 83 = 0. Let t(p) = -5*p + 2. Let y(f) = -2*f + 1. Let o(k) = 3*t(k) - 8*y(k). What is o(j)?
0
Let g be 112/84 - 1/(-3)*2. Let r(c) = c + 2 + 0 - 1. What is r(g)?
3
Let l(m) = -3*m**3 + 73*m**2 + 298*m - 10. Let i(q) = -2*q**3 + 49*q**2 + 198*q - 7. Let s(y) = 7*i(y) - 5*l(y). Give s(26).
1
Let a(y) = -3*y**2 - 102 + 203 - 99 + 2*y**2 - 10*y. What is a(-9)?
11
Let h(q) = -q. Let x = -102 + 102. Determine h(x).
0
Let n(c) = -c**3 - 20*c**2 - 20*c - 20. Let q be n(-19). Let a(d) = 1. Let s(v) = v. Let p(k) = a(k) + s(k). Determine p(q).
0
Suppose -16*x + 18 = -14. Let p(k) = -878*k + 439*k + 435*k - k**x + 6. What is p(-5)?
1
Let h(z) = -9*z**2 + z + 2. Let x(a) = -10*a**2 + a + 2. Let v(n) = -5*h(n) + 4*x(n). Let q be (0 - -2*(-12)/(-8)) + -1. Calculate v(q).
16
Let w = -22 - -26. Let m be 174 + w + 2 + -4. Let x(l) = -180 + 0*l + m + 2*l. Give x(6).
8
Suppose 5*p + 24*s - 20*s = -55, 2*p + 4 = 2*s. Let i(r) = -5*r - 32. Determine i(p).
3
Let q(b) = -b**2 - 3*b**3 - 1578 - 10*b + 14*b + 1581. Give q(-2).
15
Let n(c) be the second derivative of -c**4/12 + 5*c**3/6 - c**2 + 2*c - 1393. Suppose -r - 10 = -3*w, -4*w - r + 5 = -4*r. What is n(w)?
-2
Let c(x) = -2*x - 3. Let l(t) = -t - 9. Let b be l(-12). Suppose 0 = g, -b*p - 10 = 5*g + 2. Calculate c(p).
5
Let o(h) = 7*h**2 - h - 3. Let y(x) = 10*x**2 - x - 5. Let s(z) = 7*o(z) - 5*y(z). Let r = 135 + -138. Give s(r).
1
Let x(s) = 28*s + 22. Let z(a) = -13*a - 10. Let d(g) = -4*x(g) - 9*z(g). Calculate d(2).
12
Let p(h) = -2*h. Let v(a) = 9*a - 9. Let s(t) = 4*p(t) + v(t). Determine s(4).
-5
Let k be 2 - 0/((-18)/6 + 5). Let n(x) be the third derivative of x**5/60 + x**4/12 - x**3/3 + x**2. Determine n(k).
6
Let h(p) = 4*p - 1 + 2 - 2*p - 5 - 5*p. Let l(y) = -y - 4. Let a be l(-7). Determine h(a).
-13
Let a be -3*(-2)/6 - -1. Let c(q) = 2*q**2 + q**3 - 9*q**2 - 2 + 6*q - 5 - a. Calculate c(6).
-9
Let u be (3 + -2)/((-1)/5). Let g(w) = -5*w**2 + 4*w + 17. Let b(q) = q**2 - 2. Let a(c) = 6*b(c) + g(c). Determine a(u).
10
Let o be 55/(-10) + (-10 - -16). Let v(q) be the second derivative of o*q**2 + 0 - 3*q + 1/6*q**3. Calculate v(7).
8
Let s(z) = 10*z + 19. Let q(p) = -3. Let k(w) = -8*q(w) - s(w). Calculate k(2).
-15
Let f(n) = -6*n**3 + 4*n + 10*n + n**2 - n + 3*n - 11*n - 5. What is f(2)?
-39
Let s(f) = 1. Let z(h) = -h - 6. Let c(g) = s(g) - z(g). Let w = -10 + -16. Let r = w - -21. Calculate c(r).
2
Suppose -2*k - 4 = 28. Let c(u) be the third derivative of u**5/60 + 2*u**4/3 + 5*u**3/6 + 2*u**2. Let m be c(k). Let l(w) = -w - 2. Determine l(m).
-7
Let h = 8 - 2. Suppose -12 = -4*q + g, -8 = -2*q - 2*g + 8. Let b(d) = -2 + q*d**2 - h*d**2 + d - 8*d. Determine b(-5).
-17
Suppose -2*z + 0*z = -14. Let v(c) = 11*c**2 + 14*c - 2. Let d(i) = 9*i**2 + 13*i - 3. Let o(u) = 6*d(u) - 5*v(u). Determine o(z).
-1
Let n = -26 + 29. Suppose 0 = -u + 3*h + 8 + 9, 5*u - 25 = n*h. Let q(d) = 47*d - 4 + u - 44*d. Determine q(2).
4
Let b = -3 - 0. Let h(k) be the third derivative of 23*k**2 - 2/3*k**3 + 1/24*k**4 + 0*k + 0. Give h(b).
-7
Let u(d) = -5*d + d - 7*d - 5 + 7*d. Determine u(-3).
7
Let m(i) be the second derivative of -i**4/12 - 7*i**3/3 - 7*i**2 + 17*i - 2. What is m(-13)?
-1
Let v = -16 - -18. Let s(x) = 6*x**2 - 6*x - 1. Let g(y) = 7*y**2 - 7*y - 1. Suppose 4 = 2*i + 12. Let m(f) = i*g(f) + 5*s(f). Give m(v).
3
Let n(d) = 8*d - 5*d + 2 - 9 + 9 - 11*d**2. Calculate n(-1).
-12
Let c(p) be the third derivative of -1/60*p**5 + 0*p + 1/2*p**3 + 36*p**2 + 1/120*p**6 + 0 - 1/6*p**4. What is c(2)?
-1
Let d be -4*1*(-54)/432. Let o(h) be the second derivative of 3*h**2 + 1/2*h**4 + 1/20*h**5 + d*h**3 + 13*h + 0. What is o(-6)?
-12
Let m(x) = x**2 - 4*x - 6. Suppose -4*p + 14 - 6 = 0. Let u = -21 + 26. Suppose 0 = -p*t + u*t - 15. What is m(t)?
-1
Suppose -5*z - 3 + 13 = 0. Suppose -5 = -z*y - 3. Let h(s) = -3*s + 3*s**2 - 2*s - 4*s**2 + y + 4*s - 3*s**3. Give h(1).
-4
Let c(r) be the second derivative of -r**4/12 + r**2/2 - 3*r. Let z(u) = u - 19. Let q be z(0). Let t = q - -19. Calculate c(t).
1
Let i(o) = -o**3 - 16*o**2 + 2*o + 19. Let w(x) = -x**3 - 15*x**2 + 31*x - 67. Let l be w(-17).